termine v(3).
-1
Let w(y) = -y - 1. Let l be 9/(1/4*6). Suppose -l + 4 = b. Determine w(b).
1
Let m(d) be the second derivative of 2*d**3/3 - 2*d**2 - 11*d. Calculate m(6).
20
Let l(k) = 0*k**2 + k**2 + 7 + 5*k + 0*k**2. Calculate l(-6).
13
Let q be 3/(2/(-2)) - 1. Let p(j) = -j**3 - 4*j**2 - 2*j + 1. Determine p(q).
9
Suppose 2*z + z = 6. Let i(w) = w**3 - 2*w**2 + 2*w + 1. Give i(z).
5
Suppose 5*f - 3*s + 14 = 6*f, 4*f - s = -9. Let n(y) be the second derivative of -y**3/6 + y. Give n(f).
1
Suppose -4*t - 2*j + 0*j - 28 = 0, 4*j + 16 = 0. Let f = -3 - t. Let m(q) = 3*q + 0*q - 1 + 0. What is m(f)?
5
Let v(p) = -2*p + 1. Suppose f = 10 + 2. Let q = -21 - -27. Let j be f/(-9) - (-2)/q. What is v(j)?
3
Let z(b) = -4*b - 6 - 3*b - 2*b + 10*b. Determine z(6).
0
Let w(m) = -3*m + 1. Let s be (-1)/5 + (-26)/(-5). Let f = -3 + 8. Suppose 0 = f*k - 0 - s. Determine w(k).
-2
Let w(m) = -2 + m + 0*m + 4. Suppose k - 4 = -2. Let d be (-2)/(-2*(-1)/k). Calculate w(d).
0
Let i(q) = q**2 - 5*q + 4. Let p be i(4). Let g = p - -2. Let m(v) = g*v**3 + 0*v**3 - v**3. Give m(1).
1
Suppose 0*i = -2*i + 10. Suppose i*q - 19 - 1 = 0. Suppose j + 1 = r, 2*r - q*j - 2 = -r. Let d(o) = o**3 - 2*o. Give d(r).
4
Suppose -2*t = 5*n - 0*t - 10, 5*n + 3*t = 10. Let b(r) be the second derivative of 1/12*r**4 + 3/2*r**2 - 1/3*r**3 + 0 - r. Give b(n).
3
Let g(p) = -p**3 - 6*p**2 + 9*p + 9. Let j(a) = -2*a**2 - 10*a - 7. Suppose 6*f = 4*f - 10. Let z be j(f). What is g(z)?
-5
Let k(c) = -3*c + 1. Let w(x) = 2*x. Let t(j) = -4*k(j) - 5*w(j). Determine t(-5).
-14
Let v(u) = 14*u - 14 + 14. Let r(l) = l**2 + 6*l + 1. Let a be r(-6). Determine v(a).
14
Let j(l) = -l**3 + 3*l**2 + 3*l + 2. Suppose 3*m - 2*t - 18 = 0, -2*t + 0 = 6. What is j(m)?
-2
Let z(h) = -h**2 + h + 2. Suppose 3*g - 1 = -7. Let t be (g/5)/((-1)/(-5)). Calculate z(t).
-4
Let f(n) = -n**3 - 3*n**2 + 5*n + 3. Let v(t) = 3 + 6*t - t**3 + 8*t**2 - 2*t**2 + 0*t**2. Let c = 21 - 14. Let k be v(c). What is f(k)?
-1
Let x = -1 + 2. Let f be (-2 + x)/((-3)/9). Let l(i) = 3*i**2 + f*i**3 - i**2 - 4*i**3 + i. Give l(-1).
2
Let b(h) = h**2 + 2*h - 7. Let a be b(-4). Let m(x) = -4*x**3 + x**2 - 1. Give m(a).
-4
Let h be 0/((-6 - -4) + 1). Let o(f) = -f**2 - f - 8. What is o(h)?
-8
Let y(c) be the second derivative of c**4/12 - c**2/2 + 29*c. What is y(2)?
3
Let h(f) = -f**3 + 3 - 6*f - 3 - 7*f**2 + 0. What is h(-6)?
0
Let d(a) = a**2 + a. Suppose -5*g = -10*g + 10. Give d(g).
6
Suppose -z + 30 = b, -2*z + 3*z = -3*b + 92. Suppose 5*u + 0*u - b = -2*p, -3*u = -3*p - 6. Let h(a) = -a + 6. Determine h(u).
1
Suppose -w - 18 = w + 5*j, -3*w + 5*j - 2 = 0. Let a(x) = -4*x**2 + 9*x - 8. Let f(l) = 5*l**2 - 10*l + 9. Let i(b) = w*a(b) - 3*f(b). Calculate i(4).
-3
Let o(c) = c. Let p be 6/9 + (-240)/(-18). Let i be ((-24)/(-14))/(4/p). Calculate o(i).
6
Suppose -10 = s + 4*s. Let f(r) be the first derivative of r**4/4 - 2*r**2 - 3*r + 1. What is f(s)?
-3
Let r be (-2)/(-14) - 162/(-42). Let d(o) = -o**2 - 2*o**2 + r*o**2 + 5*o**2. What is d(1)?
6
Suppose 0 = 3*n + 2 - 8, 6 = 5*u - 2*n. Let i be ((-2)/8)/(u/(-8)). Let k(j) = -3*j**2 + 3*j**2 - j**2 - 3*j + i. Calculate k(2).
-9
Let v(a) be the third derivative of a**5/60 + a**4/3 + 4*a**3/3 - a**2. Let u be 2/(-6) + 34/(-6). What is v(u)?
-4
Let d(n) = n**2 + 1. Let y(r) = r**3 + 11*r**2 - r - 13. Let m be y(-11). Give d(m).
5
Let n(d) = d**3 + 3*d**2 - 4*d - 3. Let c be -1 + 2 + 6 + -7. Let k(i) = -i**3 + 6*i**2 - 4*i. Let t be k(5). Suppose c = t*f + 5 + 10. Give n(f).
9
Let w(h) be the second derivative of -h**5/20 + 7*h**4/12 + 5*h**3/6 - 3*h**2 + 29*h. Calculate w(7).
29
Let v(m) = 3*m - 5. Suppose 4*h - 9 - 7 = 0. What is v(h)?
7
Let r(m) = -m**3 + 11*m**2 + m - 10. Let u be r(11). Suppose 3 - u = -2*b. Let n(v) = 3*v. Determine n(b).
-3
Let n(g) = -2*g - 2*g**3 + 1 + 3*g + 3*g**3 - 2*g**3 - g**2. Suppose -2*c = 2*c. Calculate n(c).
1
Let n = 1/4 - -1/6. Let h(u) be the second derivative of -n*u**4 + 0 + 1/6*u**3 - u - 1/2*u**2. Give h(1).
-5
Suppose 0 = -o - 6*o - 21. Let v(b) be the third derivative of -b**4/12 + b**3/2 + b**2. Calculate v(o).
9
Suppose -p - 4*j = 22, 5*p - j = -0*p - 26. Let v(l) = -l**2 + 5*l + 2. Let f be v(5). Let q(m) = -m**f - 3 + 0 - 7*m - 4 + 1. Determine q(p).
0
Let w = -34 + 41. Let a(j) = -j - 6. What is a(w)?
-13
Let n(g) be the first derivative of -2 - 1/2*g**2 - 3*g. Calculate n(-3).
0
Let b(g) be the second derivative of g**8/2240 - g**7/2520 - g**6/720 - g**5/120 + 5*g**4/12 - 2*g. Let i(n) be the third derivative of b(n). Calculate i(-1).
-4
Let b(l) = -l**2 + 8*l - 4. Let n(v) = -v**3 - v**2 + 5*v + 4. Let o be n(-3). Give b(o).
3
Let v(x) = 3*x**2 - 16*x + 1. Let m(u) = 4*u**2 - 24*u + 1. Let o(n) = 5*m(n) - 7*v(n). Give o(-8).
-2
Let m(w) = w**3 + 11*w**2 + 9*w - 5. Let a(j) = -j**3 - 10*j**2 - 8*j + 4. Let s(f) = 4*a(f) + 3*m(f). Determine s(-6).
-5
Let o = 18 + -13. Suppose -5*t + 5 = 5*f, o*f - 1 + 36 = 3*t. Let z(c) be the third derivative of -c**5/60 + c**4/4 + c**3/2 + c**2. Determine z(t).
8
Suppose 0 = 5*h - 10*h + 20. Let v be 3/((-18)/4)*-3. Let y(x) = 3 + 3*x**2 - v*x + 6*x - 4*x**2. Calculate y(h).
3
Let j = 4/39 - -3/13. Let g(v) be the first derivative of -5/2*v**2 - 2*v - 3 - j*v**3. What is g(-4)?
2
Let p(k) = k**2 + 2*k. Let c = -47 - -46. Determine p(c).
-1
Let h(z) be the first derivative of z**5/30 + z**4/12 - z**3/6 - z**2 + 3. Let c(m) be the second derivative of h(m). What is c(-2)?
3
Let t be -1*-5*(-1 + 2). Let w(v) = -v**3 + 6*v**2 - 4*v + 1. What is w(t)?
6
Let a(h) = -h**2 - 4*h - 4. Let c = -7 + 3. What is a(c)?
-4
Let s(n) = -7*n. Let z be ((-96)/(-36))/(2/15). Let k be (-15)/z + 7/4. Determine s(k).
-7
Let o(c) be the third derivative of -c**2 + 0*c - 3/8*c**4 + 0 + 1/6*c**3. What is o(1)?
-8
Suppose 0 = -5*i + 3*i + 14. Let h = 2 + 0. Let d(k) = 3*k**2 + 4*k - 8*k - 4*k**h + i. What is d(-5)?
2
Let v(s) = -s**2 + 2*s - 4. Suppose 0 - 5 = 4*y - d, 5*y - 5 = -d. What is v(y)?
-4
Let a(v) = v**3 - 2*v**2 + 2*v - 1. Suppose -5*x = -x + 4. Let r = 3 + x. Let t be a(r). Let k(y) = y**3 - 4*y**2 + 4*y. Calculate k(t).
3
Let r(u) = -20*u + 9. Let n(m) = -7*m + 3. Let x(y) = -8*n(y) + 3*r(y). Calculate x(3).
-9
Let t(l) = -4*l - 2. Let i(s) = -s**2 + 2*s**2 + 0 - 3*s + 2 - 2*s**2. Let n be i(-4). Calculate t(n).
6
Suppose -2*z + 8 = 2*z. Let w(s) = 6 - 2*s**z + s**2 - 2*s - 2*s. Suppose -6 = -2*c + 4*i, -2*c = 3*i + 12 + 10. Determine w(c).
1
Suppose 4*k = 3*k + 5. Suppose 3*v - 2*z = k*v, 5*z + 16 = -v. Suppose 4*p + 8 + v = 0. Let f(a) = a**3 + 4*a**2 + a - 4. Give f(p).
2
Let z(x) = x**2 - 8*x + 9. Let g be z(7). Let w(b) be the third derivative of b**4/8 - b**3/3 - 2*b**2. What is w(g)?
4
Let h(s) = -4 - s - 2*s - s + 7*s. Calculate h(3).
5
Let l(s) = s**2 + 3*s - 1. Let k(c) = -4*c - c + 3*c + 2. Let n be k(3). Calculate l(n).
3
Let f(x) = x**3 + 2*x**2 - 3*x + 2. Let g(p) = -p - 1. Let c be g(2). What is f(c)?
2
Let u(q) = -q**2 - 1 + 3*q**2 - 2*q - 4*q**2. Let a = 0 - 1. Give u(a).
-1
Let o be 2/(-3) + (-32)/(-3). Let s be (-16)/(-2)*5/o. Let m = -7 + s. Let a(y) = -2*y**2 - 2*y + 3. Give a(m).
-9
Let o(l) = -l**2 - 5*l + 7. Let m be (-7)/(7/2) - 4. Let c be o(m). Let a(i) = -4*i + 1. Calculate a(c).
-3
Let q(j) = 4*j - 11*j**2 + j**3 + 25*j**2 + 3 - 8*j**2. What is q(-5)?
8
Suppose -3*u - 4 = -5*u. Let f be 2/u*(1 - 1). Suppose f = c + 3*c. Let w(r) = -r**2 + r - 7. Determine w(c).
-7
Let x(n) be the third derivative of n**6/120 - n**5/20 - n**4/3 + n**3 - 11*n**2. What is x(5)?
16
Let u(l) = -l**2 + l. Let r(x) = 8*x**2 - 7*x - 4. Let o(n) = -r(n) - 4*u(n). Determine o(3).
-23
Let x(u) = -u - 3. Let w be (8 + -5)*4/(-3). Let m be -3 - w/(2 + -4). What is x(m)?
2
Let f = -1 - 2. Let b(q) = -1 + q**2 - 3 + 8*q**3 - 5*q - 7*q**3. Give b(f).
-7
Suppose -3*l = -2 - 10. Let s(p) = p**2 - 2*p + 3. Give s(l).
11
Let k(i) = i**3 - 5*i**2 + 3*i + 2. Let j(m) = -m**2 - m - 3. Let n be j(-2). Let q be (-3 - n)/(4/6). What is k(q)?
-7
Let r(k) = 4*k**2 - k - 3. Let j be r(3). Suppose j - 6 = 4*v - 3*x, 0 = -3*v - 2*x + 1. Let p(a) = -a**2 + 3*a + 2. What is p(v)?
2
Let v(j) = j. Suppose -36 = -d + 7*d. What is v(d)?
-6
Suppose 0 = -2*f - 9*f + 33. Let z(j) = j**2 + 3*j + 2. Calculate z(f).
20
Let o(y) = -y**2 - 6*y 